{"id":19,"date":"2020-06-08T13:09:17","date_gmt":"2020-06-08T11:09:17","guid":{"rendered":"http:\/\/web.senioren-pflege.net\/?page_id=19"},"modified":"2023-05-11T15:01:37","modified_gmt":"2023-05-11T13:01:37","slug":"galerie","status":"publish","type":"page","link":"https:\/\/www.wolffsche-stiftung.de\/?page_id=19","title":{"rendered":"Studienf\u00f6rderung"},"content":{"rendered":"<div id=\"pl-19\"  class=\"panel-layout\" ><div id=\"pg-19-0\"  class=\"panel-grid panel-has-style\" ><div class=\"vollBreit panel-row-style panel-row-style-for-19-0\" ><div id=\"pgc-19-0-0\"  class=\"panel-grid-cell\" ><div id=\"panel-19-0-0-0\" class=\"so-panel widget widget_sow-image panel-first-child panel-last-child\" data-index=\"0\" ><div\n\t\t\t\n\t\t\tclass=\"so-widget-sow-image so-widget-sow-image-default-c4f6304fc136-19\"\n\t\t\t\n\t\t>\n<div class=\"sow-image-container\">\n\t\t<img \n\tsrc=\"https:\/\/www.wolffsche-stiftung.de\/wp-content\/uploads\/2022\/09\/wolffsche-stiftung_head-studienhilfe_2.jpg\" width=\"850\" height=\"284\" srcset=\"https:\/\/www.wolffsche-stiftung.de\/wp-content\/uploads\/2022\/09\/wolffsche-stiftung_head-studienhilfe_2.jpg 850w, https:\/\/www.wolffsche-stiftung.de\/wp-content\/uploads\/2022\/09\/wolffsche-stiftung_head-studienhilfe_2-300x100.jpg 300w, https:\/\/www.wolffsche-stiftung.de\/wp-content\/uploads\/2022\/09\/wolffsche-stiftung_head-studienhilfe_2-768x257.jpg 768w\" sizes=\"(max-width: 850px) 100vw, 850px\" alt=\"\" loading=\"lazy\" \t\tclass=\"so-widget-image\"\/>\n\t<\/div>\n\n<\/div><\/div><\/div><div id=\"pgc-19-0-1\"  class=\"panel-grid-cell\" ><div id=\"panel-19-0-1-0\" class=\"so-panel widget widget_sow-headline panel-first-child panel-last-child\" data-index=\"1\" ><div class=\"roteBox panel-widget-style panel-widget-style-for-19-0-1-0\" ><div\n\t\t\t\n\t\t\tclass=\"so-widget-sow-headline so-widget-sow-headline-default-f8e4a3d24c09-19\"\n\t\t\t\n\t\t><div class=\"sow-headline-container \">\n\t\t\t\t\t\t\t<h1 class=\"sow-headline\">\n\t\t\t\t\t\tF\u00fcr ein erfolgreiches Studium, neben den Herausforderungen der Elternschaft.\t\t\t\t\t\t<\/h1>\n\t\t\t\t\t\t<\/div>\n<\/div><\/div><\/div><\/div><\/div><\/div><div id=\"pg-19-1\"  class=\"panel-grid panel-no-style\" ><div id=\"pgc-19-1-0\"  class=\"panel-grid-cell\" ><div id=\"panel-19-1-0-0\" class=\"so-panel widget widget_sow-editor panel-first-child\" data-index=\"2\" ><div\n\t\t\t\n\t\t\tclass=\"so-widget-sow-editor so-widget-sow-editor-base\"\n\t\t\t\n\t\t>\n<div class=\"siteorigin-widget-tinymce textwidget\">\n\t<h1 class=\"art-PostHeader\">Studienbeihilfe aus der Dr. Wolff\u2019schen Stiftung<\/h1>\n<p>Die Dr. Wolff\u2019sche Stiftung gew\u00e4hrt eine Studienbeihilfe an <strong>bed\u00fcrftige<\/strong>, besonders <strong>begabte<\/strong> und damit besonders <strong>f\u00f6rderungsw\u00fcrdige<\/strong> Studenten\/jungen Wissenschaftler bzw. Studentinnen oder Wissenschaftlerinnen der Philipps-Universit\u00e4t Marburg. Wer Eink\u00fcnfte oder (tats\u00e4chlich durchsetzbare) Unterhaltsanspr\u00fcche hat, welche den BaF\u00f6G-H\u00f6chstsatz erreichen oder \u00fcbersteigen, gilt nicht als bed\u00fcrftig. Bewerberinnen und Bewerber, die der evangelischen Konfession angeh\u00f6ren, werden bevorzugt ber\u00fccksichtigt. Gef\u00f6rdert k\u00f6nnen andere Personen werden, sofern diese sich in einer anderen Kirche oder sozial engagieren.<\/p>\n<p>Die Unterst\u00fctzung besteht in der Regel in einem monatlichen Betrag von 300 \u20ac, in Ausnahmef\u00e4llen bis zu 750 \u20ac. Sie wird f\u00fcr ein Jahr gew\u00e4hrt; Folgeantr\u00e4ge sind m\u00f6glich. Es k\u00f6nnen aber auch Projekte wie etwa Auslandsreisen gef\u00f6rdert werden, die f\u00fcr den Abschluss des Studiums erforderlich sind. Andere Stipendien stellen kein Ausschlusskriterium dar.<\/p>\n<p>Folgende Bewerbungsunterlagen sind erforderlich und unter dem Kennwort \u201e<strong>Studienbeihilfe aus der Dr. Wolff\u2019schen Stiftung<\/strong>\u201c an das Institut f\u00fcr Verfahrensrecht, Philipps-Universit\u00e4t, Fb. 01, Universit\u00e4tsstr. 6, 35032 Marburg zu senden:<\/p>\n<p>1. Ein <em>kurzes <\/em>Gutachten (in der Regel ein bis zwei DIN A4-Seiten) \u00fcber die Pers\u00f6nlichkeit und wissenschaftliche Leistung der Bewerberin oder des Bewerbers durch eine Professorin oder einen Professor der Philipps-Universit\u00e4t Marburg<\/p>\n<p>2. Der <em>Student oder Wissenschaftler <\/em>hat folgende Unterlagen einzureichen:<\/p>\n<ul type=\"a\">\n<li class=\"Default\">Formular zur Beantragung eines Stipendiums aus Mitteln des Studienf\u00f6rderungsfonds der Dr. Wolff\u2019schen Stiftung (Download: <a href=\"https:\/\/www.wolffsche-stiftung.de\/wp-content\/uploads\/2023\/01\/Merkblatt-Studienbeihilfe_2023.pdf\" target=\"_blank\" rel=\"noopener\">Formular zur Beantragung eines Stipendiums<\/a>)<\/li>\n<li class=\"Default\">Einen tabellarischen Lebenslauf<\/li>\n<li class=\"Default\">Eine <i>detaillierte Darstellung <\/i>der gegenw\u00e4rtigen <i>sozialen <\/i>und <i>finanziellen <\/i>Situation. BAF\u00f6G-Empf\u00e4nger, deren gegenw\u00e4rtige Versorgung sichergestellt ist, pflegt die Stiftung grunds\u00e4tzlich nicht zu f\u00f6rdern. Die Bewerber sollten deshalb angeben, inwieweit sie F\u00f6rderungsmittel nach dem BAF\u00f6G erhalten bzw. warum ihnen diese Mittel versagt sind. Zu erkl\u00e4ren ist gegebenenfalls auch, warum die Eltern nicht in der Lage sind, das Studium oder die sonstige Fortbildung zu finanzieren (Beruf der Elternmit Verdienstbescheinigung, noch im Hause der Eltern lebende Kinder, Geschwister im Studium usw.). Der Erhalt anderer Stipendien ist kein Ausschlusskriterium; relevant f\u00fcr die Ber\u00fccksichtigung einer Bewerbung ist die Unterschreitung der BAF\u00f6G-Grenze. F\u00fcr R\u00fcckfragen steht mein Sekretariat (Frau Angela Beltz, sekretariat.verfahrensrecht@jura.uni-marburg.de) zur Verf\u00fcgung.<\/li>\n<li class=\"Default\">Erkl\u00e4rung \u00fcber religi\u00f6ses oder soziales Engagement<\/li>\n<li class=\"Default\">Belege (in Fotokopie) \u00fcber die bisher erworbenen Scheine, Zwischen- oder Abschlusspr\u00fcfungen und Diplome<\/li>\n<li class=\"Default\">(Soweit einschl\u00e4gig) Ein kurzer Bericht \u00fcber Thema, Arbeitsplan und Stand der geplanten Dissertation<\/li>\n<li class=\"Default\">F\u00fcr den Fall der F\u00f6rderung ist die Immatrikulation f\u00fcr den F\u00f6rderzeitraumnachzuweisen.<\/li>\n<\/ul>\n<p>Die vollst\u00e4ndigen Unterlagen m\u00fcssen bis zum <strong>15. Februar bzw. bis zum 15. September<\/strong> des jeweiligen Jahres eingereicht werden. Von den Bewerberinnen und Bewerbern wird eine kurze Vorstellung ihrer Person und ihres Werdegangs vor dem Sonderkuratorium erwartet (im Falle von Promovierenden soll es sich hierbei um eine kurze Vorstellung ihres Projektes handeln). Der Termin wird nach einer Vorauswahl bekannt gegeben.<\/p>\n<p>&nbsp;<\/p>\n<\/div>\n<\/div><\/div><div id=\"panel-19-1-0-1\" class=\"so-panel widget widget_sow-editor panel-last-child\" data-index=\"3\" ><div\n\t\t\t\n\t\t\tclass=\"so-widget-sow-editor so-widget-sow-editor-base\"\n\t\t\t\n\t\t>\n<div class=\"siteorigin-widget-tinymce textwidget\">\n\t<h1 class=\"art-PostHeader\">Studentisches Wohnen mit Kind<\/h1>\n<p>Mit dem Projekt \"Studentisches Wohnen mit Kind\" bietet die Dr.<br \/>\nWolff'sche Stiftung eine spezielle Studienf\u00f6rderung an. Ein Geb\u00e4ude in zentraler Lage in Marburg-Ockershausen steht daf\u00fcr zur Verf\u00fcgungund erm\u00f6glicht Studierenden, die bereits ein Kind oder mehrere Kinder haben, gemeinschaftliches Wohnen in Nachbarschaft zu Studierenden in \u00e4hnlicher famili\u00e4rer Situation. Die Vereinbarkeit eines erfolgreichen Studiums mit den Herausforderungen der Elternschaft soll in einer von gegenseitiger Hilfe und R\u00fccksichtnahme gepr\u00e4gten Atmosph\u00e4re gef\u00f6rdert werden.<\/p>\n<p>Die drei separaten Wohnungen gew\u00e4hrleisten jeweils eine eigenst\u00e4ndige Wohnsituation. Dabei haben zwei Wohnungen (mit 43 qm bzw. 57 qm<br \/>\nWohnfl\u00e4che) eine gemeinsame K\u00fcche, w\u00e4hrend eine dritte Wohnung mit 56 qm Wohnfl\u00e4che mit einer eigenen K\u00fcche ausgestattet ist. Ein Unterstellplatz f\u00fcr Fahrr\u00e4der ist vorhanden, ebenso eine Waschk\u00fcche im Keller f\u00fcr die eigene Waschmaschine.<\/p>\n<p>Ziel des Projektes ist es, durch eine an die pers\u00f6nlichen Bed\u00fcrfnisse von Eltern und Kindern angepasste Wohnsituation eine Fortf\u00fchrung des Studiums und dessen erfolgreichen Abschluss in einem zeitlich angemessenen Rahmen zu erm\u00f6glichen.<\/p>\n<p>Bewerben k\u00f6nnen sich verheiratete, unverheiratete oder alleinerziehende Studierende, die an der Marburger Philipps-Universit\u00e4t immatrikuliert sind. Dem sozialen Standpunkt des Stifters Dr. Johann Wolff folgend, werden die Wohnungen nach Bed\u00fcrftigkeit der Bewerber vergeben.<br \/>\nEinkommensnachweise, Nachweise von Stipendien (z. B. Baf\u00f6g-Bescheid), Familienstandsangaben sind neben der Immatrikulationsbescheinigung vorzulegen. Die Mietvertr\u00e4ge werden im Hinblick auf die Regelstudienzeiten befristet abgeschlossen und k\u00f6nnen auf Antrag verl\u00e4ngert werden, sofern die Voraussetzungen eines Studiums oder einer Promotion gegeben sind.<\/p>\n<p>In der N\u00e4he des Geb\u00e4udes befinden sich Kindergarten, Grund- und weiterf\u00fchrende Schulen, Arztpraxis, Apotheke, B\u00e4ckerei, Lebensmittelgesch\u00e4ft, evangelische Kirche und Sportst\u00e4tten mit vielf\u00e4ltigen Freizeitangeboten.<\/p>\n<p>Bewerbungen erfolgen schriftlich an die Dr. Wolff'sche Stiftung, Stiftstra\u00dfe 25, 35037 Marburg,<br \/>\nTel.: 0 64 21 - 33 83 1, E-Mail: info@wolffschestiftung.de.<\/p>\n<p>&nbsp;<\/p>\n<p>&nbsp;<\/p>\n<\/div>\n<\/div><\/div><\/div><div id=\"pgc-19-1-1\"  class=\"panel-grid-cell\" ><div id=\"panel-19-1-1-0\" class=\"so-panel widget widget_sow-editor panel-first-child\" data-index=\"4\" ><div class=\"panel-widget-style panel-widget-style-for-19-1-1-0\" ><div\n\t\t\t\n\t\t\tclass=\"so-widget-sow-editor so-widget-sow-editor-base\"\n\t\t\t\n\t\t>\n<div class=\"siteorigin-widget-tinymce textwidget\">\n\t<h3 style=\"text-align: center;\">Die Unterkunft<\/h3>\n<\/div>\n<\/div><\/div><\/div><div id=\"panel-19-1-1-1\" class=\"so-panel widget widget_sow-image panel-last-child\" data-index=\"5\" ><div class=\"panel-widget-style panel-widget-style-for-19-1-1-1\" ><div\n\t\t\t\n\t\t\tclass=\"so-widget-sow-image so-widget-sow-image-default-8b5b6f678277-19\"\n\t\t\t\n\t\t>\n<div class=\"sow-image-container\">\n\t\t<img \n\tsrc=\"https:\/\/www.wolffsche-stiftung.de\/wp-content\/uploads\/2022\/07\/wolffsche-stiftung_studienfoerderung-1.jpg\" width=\"600\" height=\"479\" srcset=\"https:\/\/www.wolffsche-stiftung.de\/wp-content\/uploads\/2022\/07\/wolffsche-stiftung_studienfoerderung-1.jpg 600w, https:\/\/www.wolffsche-stiftung.de\/wp-content\/uploads\/2022\/07\/wolffsche-stiftung_studienfoerderung-1-300x240.jpg 300w\" sizes=\"(max-width: 600px) 100vw, 600px\" title=\"wolffsche-stiftung_studienf\u00f6rderung-1\" alt=\"\" loading=\"lazy\" \t\tclass=\"so-widget-image\"\/>\n\t<\/div>\n\n<\/div><\/div><\/div><\/div><\/div><div id=\"pg-19-2\"  class=\"panel-grid panel-no-style\" ><div id=\"pgc-19-2-0\"  class=\"panel-grid-cell panel-grid-cell-empty panel-grid-cell-mobile-last\" ><\/div><div id=\"pgc-19-2-1\"  class=\"panel-grid-cell panel-grid-cell-empty\" ><\/div><\/div><\/div>","protected":false},"excerpt":{"rendered":"<p>Studienbeihilfe aus der Dr. Wolff\u2019schen Stiftung Die Dr. Wolff\u2019sche Stiftung gew\u00e4hrt eine Studienbeihilfe an bed\u00fcrftige, besonders begabte und damit besonders f\u00f6rderungsw\u00fcrdige Studenten\/jungen Wissenschaftler bzw. Studentinnen oder Wissenschaftlerinnen der Philipps-Universit\u00e4t Marburg. Wer Eink\u00fcnfte oder (tats\u00e4chlich durchsetzbare) Unterhaltsanspr\u00fcche hat, welche den BaF\u00f6G-H\u00f6chstsatz<\/p>\n","protected":false},"author":1,"featured_media":0,"parent":0,"menu_order":3,"comment_status":"closed","ping_status":"closed","template":"","meta":[],"_links":{"self":[{"href":"https:\/\/www.wolffsche-stiftung.de\/index.php?rest_route=\/wp\/v2\/pages\/19"}],"collection":[{"href":"https:\/\/www.wolffsche-stiftung.de\/index.php?rest_route=\/wp\/v2\/pages"}],"about":[{"href":"https:\/\/www.wolffsche-stiftung.de\/index.php?rest_route=\/wp\/v2\/types\/page"}],"author":[{"embeddable":true,"href":"https:\/\/www.wolffsche-stiftung.de\/index.php?rest_route=\/wp\/v2\/users\/1"}],"replies":[{"embeddable":true,"href":"https:\/\/www.wolffsche-stiftung.de\/index.php?rest_route=%2Fwp%2Fv2%2Fcomments&post=19"}],"version-history":[{"count":95,"href":"https:\/\/www.wolffsche-stiftung.de\/index.php?rest_route=\/wp\/v2\/pages\/19\/revisions"}],"predecessor-version":[{"id":1328,"href":"https:\/\/www.wolffsche-stiftung.de\/index.php?rest_route=\/wp\/v2\/pages\/19\/revisions\/1328"}],"wp:attachment":[{"href":"https:\/\/www.wolffsche-stiftung.de\/index.php?rest_route=%2Fwp%2Fv2%2Fmedia&parent=19"}],"curies":[{"name":"wp","href":"https:\/\/api.w.org\/{rel}","templated":true}]}}