{"id":20,"date":"2020-06-08T13:09:42","date_gmt":"2020-06-08T11:09:42","guid":{"rendered":"http:\/\/web.senioren-pflege.net\/?page_id=20"},"modified":"2022-07-13T15:16:12","modified_gmt":"2022-07-13T13:16:12","slug":"impressum","status":"publish","type":"page","link":"https:\/\/www.wolffsche-stiftung.de\/?page_id=20","title":{"rendered":"Impressum"},"content":{"rendered":"<div id=\"pl-20\"  class=\"panel-layout\" ><div id=\"pg-20-0\"  class=\"panel-grid panel-no-style\" ><div id=\"pgc-20-0-0\"  class=\"panel-grid-cell panel-grid-cell-mobile-last\" ><div id=\"panel-20-0-0-0\" class=\"so-panel widget widget_sow-editor panel-first-child panel-last-child\" data-index=\"0\" ><div\n\t\t\t\n\t\t\tclass=\"so-widget-sow-editor so-widget-sow-editor-base\"\n\t\t\t\n\t\t>\n<div class=\"siteorigin-widget-tinymce textwidget\">\n\t<h1><\/h1>\n<h1>Impressum<\/h1>\n<p>Haftungshinweis: Trotz sorgf\u00e4ltiger inhaltlicher Kontrolle \u00fcbernehmen wir keine Haftung f\u00fcr die Inhalte externer Links. F\u00fcr den Inhalt der verlinkten Seiten sind ausschlie\u00dflich deren Betreiber verantwortlich.<\/p>\n<p><strong>Stiftungsinformationen<\/strong><\/p>\n<p><strong>Dr. Wolff'sche Stiftung<\/strong><\/p>\n<p>Stiftstr. 25<br \/>\n35037 Marburg \/ Lahn<br \/>\nDeutschland<\/p>\n<p>Telefon: +49 6421 \/ 33831<br \/>\nFax: +49 6421 \/ 32443<\/p>\n<p>Website: www.wolffschestiftung.de<br \/>\nE-Mail: info@wolffschestiftung.de<\/p>\n<p>&nbsp;<\/p>\n<p><strong>Rechtliche Angaben<\/strong><\/p>\n<p>Vertretungsberechtigt: Die Dr. Wolff'sche Stiftung ist eine private Stiftung b\u00fcrgerlichen Rechts. Vertretungsberechtigte Person: Pfr. i.R. Rainer Staege (Zinsmeister und Verwalter)<\/p>\n<p>Registergericht: Regierungspr\u00e4sidium Gie\u00dfen, Hessen, Ludwigsplatz 13, 35390 Gie\u00dfen<\/p>\n<p>Inhaltlich Verantwortlicher gem\u00e4\u00df TMG<\/p>\n<p>&nbsp;<\/p>\n<p><strong>Bildquellen und -rechte<\/strong><\/p>\n<p>Alle hier verwendeten Namen, Begriffe, Zeichen und Grafiken k\u00f6nnen Marken- oder Warenzeichen im Besitze ihrer rechtlichen Eigent\u00fcmer sein. Die Rechte aller erw\u00e4hnten und benutzten Marken- und Warenzeichen liegen ausschlie\u00dflich bei deren Besitzern.<\/p>\n<p>&nbsp;<\/p>\n<\/div>\n<\/div><\/div><\/div><div id=\"pgc-20-0-1\"  class=\"panel-grid-cell panel-grid-cell-empty\" ><\/div><\/div><\/div>","protected":false},"excerpt":{"rendered":"<p>Impressum Haftungshinweis: Trotz sorgf\u00e4ltiger inhaltlicher Kontrolle \u00fcbernehmen wir keine Haftung f\u00fcr die Inhalte externer Links. F\u00fcr den Inhalt der verlinkten Seiten sind ausschlie\u00dflich deren Betreiber verantwortlich. Stiftungsinformationen Dr. Wolff&#8217;sche Stiftung Stiftstr. 25 35037 Marburg \/ Lahn Deutschland Telefon: +49 6421<\/p>\n","protected":false},"author":1,"featured_media":0,"parent":17,"menu_order":0,"comment_status":"closed","ping_status":"closed","template":"","meta":[],"_links":{"self":[{"href":"https:\/\/www.wolffsche-stiftung.de\/index.php?rest_route=\/wp\/v2\/pages\/20"}],"collection":[{"href":"https:\/\/www.wolffsche-stiftung.de\/index.php?rest_route=\/wp\/v2\/pages"}],"about":[{"href":"https:\/\/www.wolffsche-stiftung.de\/index.php?rest_route=\/wp\/v2\/types\/page"}],"author":[{"embeddable":true,"href":"https:\/\/www.wolffsche-stiftung.de\/index.php?rest_route=\/wp\/v2\/users\/1"}],"replies":[{"embeddable":true,"href":"https:\/\/www.wolffsche-stiftung.de\/index.php?rest_route=%2Fwp%2Fv2%2Fcomments&post=20"}],"version-history":[{"count":8,"href":"https:\/\/www.wolffsche-stiftung.de\/index.php?rest_route=\/wp\/v2\/pages\/20\/revisions"}],"predecessor-version":[{"id":832,"href":"https:\/\/www.wolffsche-stiftung.de\/index.php?rest_route=\/wp\/v2\/pages\/20\/revisions\/832"}],"up":[{"embeddable":true,"href":"https:\/\/www.wolffsche-stiftung.de\/index.php?rest_route=\/wp\/v2\/pages\/17"}],"wp:attachment":[{"href":"https:\/\/www.wolffsche-stiftung.de\/index.php?rest_route=%2Fwp%2Fv2%2Fmedia&parent=20"}],"curies":[{"name":"wp","href":"https:\/\/api.w.org\/{rel}","templated":true}]}}